 + 5060 = 0. What is the greatest common factor of d and 23?
23
Let d be (-1642)/(-6) - (-3928)/(-1473). What is the highest common divisor of 8672 and d?
271
Let h = 12712 - 7330. Calculate the greatest common factor of h and 312.
78
Let y(r) = 64*r**2 - 8*r - 5 + 32*r - 62*r**2. Let h be y(-12). Let u be h/((-5)/34) + (2 - 0). Calculate the highest common divisor of 54 and u.
18
Let l(g) = -3*g - 45. Suppose -6*q + 4 = -98. Suppose -q*i - 70 = 236. Let t be l(i). What is the highest common factor of t and 6?
3
Let r = 260 + -270. Let j be ((-368)/23)/(4/r). What is the highest common factor of 5 and j?
5
Let a(b) = b**3 - b**2 + b - 32. Suppose -2*j = -34*z + 29*z + 12, 0 = -4*z + 3*j + 4. Let y be a(z). Calculate the highest common factor of y and 40.
20
Let m(n) = 3*n**2 - 2*n. Let d be m(-9). Let q = -1869 - -1887. What is the greatest common factor of d and q?
9
Let u(l) = 3*l**3 - 30*l**2 + 27*l - 118. Let r be u(10). What is the highest common factor of 584 and r?
8
Suppose 2*x = 5*i + 84, -20*x + 15*x + 210 = -3*i. Let t be 24/x + 1992/42. Calculate the highest common factor of 3 and t.
3
Let f be 5*16028/20 - (10 + 0 + -3). What is the highest common divisor of 32 and f?
32
Let d(h) = h - 23. Let q be d(14). Let p(v) = v**2 + v - 18. Let r be p(q). Calculate the highest common factor of r and 90.
18
Let x(l) = 4*l**2 + 5*l - 3070. Let i be x(-93). What is the highest common factor of 89 and i?
89
Suppose 81835 - 23259 = 237*a - 94289. Calculate the highest common divisor of a and 9.
3
Let c be (-2)/6 + (-4)/(-12). Suppose 4*t + 0*t - 1332 = c. What is the greatest common factor of 9 and t?
9
Let n = 253 + -249. Suppose 56 + 16 = n*k. Calculate the highest common factor of 144 and k.
18
Let w = 18 + 22. Suppose -3*a + 2*t = -3 - 355, 5*a + 4*t = 604. What is the greatest common factor of w and a?
40
Suppose 18983645 - 18983253 = 56*j. Let h(o) = o**2 + 2*o. Let v = -10 - -15. Let n be h(v). Calculate the greatest common factor of n and j.
7
Suppose -2*y + 4*r = -434, -1115 = -9*y + 4*y - 5*r. Calculate the greatest common factor of y and 65.
13
Let m(z) = z**2 + 23*z + 65. Let y be m(-20). Suppose 0 = 3*h - h - 2, 5*c = y*h + 4620. Calculate the highest common divisor of c and 37.
37
Let d(x) = -2*x**2 - 31*x - 63. Let p be d(-13). Suppose 6*g = -4*l + 2*g + 1452, -p*g = -5*l + 1794. What is the highest common divisor of 80 and l?
40
Let i be (17 + 1)*(-2)/(-3). Suppose 3*g - 3 = -6. Let p = g - -4. Calculate the highest common factor of p and i.
3
Suppose 0 = 10*a + 138 - 148. Let u be (792/(-40))/(-3)*(a + 89). What is the greatest common divisor of u and 22?
22
Suppose -46 = -0*w + w - 451. What is the highest common divisor of 720 and w?
45
Suppose -7*l + 6*l + 3 = 0. Suppose 5 = o, -2*o + 17 = 2*t - l*o. Suppose -t*q + 119 = -4*q. Calculate the greatest common factor of 51 and q.
17
Let n be 20631/391 + 1380/(-782). Let a(p) = 112*p**2 + 4*p + 2. Let j be a(-2). What is the highest common factor of j and n?
17
Let g(i) = -54*i - 178. Let u be g(-4). What is the greatest common divisor of u and 2242?
38
Let m = 296 + -291. Suppose m*u - 3*n + 11 - 227 = 0, u + n - 40 = 0. What is the highest common divisor of 147 and u?
21
Let u be 11358/10 - 104/(-520). What is the highest common factor of 80 and u?
16
Let k be (3534/152)/(1 - 10/16). Calculate the greatest common factor of 24 and k.
2
Let z(a) = 21*a**2 - 104*a + 28. Let b be z(5). Calculate the greatest common factor of b and 3.
3
Suppose 0 = -2*w + 5*w - 5*x - 24, x = -3*w + 42. Suppose w = -4*j + 5, 34 = 2*p + 5*j. Let a = 4 - -18. Calculate the highest common factor of p and a.
22
Suppose -16*m = -19*m - 9, -4*o + 5*m + 1475 = 0. Calculate the greatest common divisor of 1241 and o.
73
Let g be 852/8946 + 1605446/42. Calculate the highest common divisor of 275 and g.
275
Let z(p) = p**2 + 11*p - 26. Suppose 0 = -5*d + 21 - 86. Let n be z(d). Let s be -3 - n - (-3 - 50). Calculate the highest common factor of 25 and s.
25
Let l be (-26004)/(-18) - (-20)/15. Calculate the greatest common factor of 48 and l.
6
Let r = 10681 - 10645. Let j = 4 + 92. What is the greatest common factor of j and r?
12
Let q be (80 - 70)*6/16 - (-9)/(-12). Let l be 6/(-10)*220/(-4). What is the highest common divisor of q and l?
3
Let w = -619 + 736. Let u be (-975)/(-27) - -2 - 13/w. What is the highest common divisor of u and 342?
38
Suppose 2*b = 4*a + 70, 85*b - 23 = 84*b - a. Calculate the highest common divisor of b and 306.
9
Let r be 4/(-14) + (-6060)/(-42). Suppose -112630*x = -112605*x - 1600. What is the highest common factor of x and r?
16
Let s(z) = 256*z + 1231. Let x be s(4). Calculate the greatest common factor of 330 and x.
55
Suppose -5*d = -9*q + 178, q - 4*d - 15 = -9. What is the greatest common divisor of 26 and q?
2
Suppose -11*z + 16*z = -5*m + 55, -2*z + 5*m = -36. Let f be 5*z + 24/8. What is the highest common factor of 4 and f?
4
Suppose -2*d + 2*k = 3*d - 11, -10 = -5*k. Suppose d*j = 6 + 12. Suppose t - 4*z = 6, j*z + 24 = 4*t + 2*z. Calculate the greatest common divisor of t and 6.
6
Let m be (1 - -2)/3*119. What is the greatest common divisor of m and 731?
17
Let u = 50 - 47. Let z = u - 2. Let y(w) = 17*w - 1. Let a be y(z). Calculate the greatest common divisor of 48 and a.
16
Let h = 11 + 7. Let s(b) = 3*b + 24. Let y be s(-17). Let r = 36 + y. Calculate the greatest common factor of r and h.
9
Suppose 3*z - 1563 = -3*i, -2319 = -5*z - 2*i + 298. Calculate the highest common divisor of z and 210.
105
Let f be ((7/(-3))/7)/(3/(-72)). Suppose -3045 = -f*s + s. Calculate the highest common factor of s and 15.
15
Let a be (0/1 - -1) + 75. Suppose 22*p = 34*p - 48. Suppose p*b = 5*y + 81, 3*y = b - 5 - 17. What is the highest common divisor of a and b?
19
Let m(s) = -s**3 + 9*s**2 + 21*s - 14. Let t be m(10). Calculate the highest common divisor of t and 42.
6
Let k = -48 + 55. Let c be (7 - 5) + 10 + k. Let j be (1 + 0/2)*209. Calculate the greatest common divisor of j and c.
19
Suppose 17545 = 10*y + 19*y. Calculate the greatest common divisor of y and 5.
5
Suppose 219*u - 20248 - 21143 = 0. Calculate the greatest common factor of 1917 and u.
27
Let f be (0 - 294/(-10))/((-97)/(-970)). Calculate the highest common factor of 84 and f.
42
Suppose 12240 = 250*v - 233*v. Suppose v = -16*y + 32*y. Let c = 47 - 32. Calculate the greatest common factor of y and c.
15
Suppose -5*q - 5*f = -5, q - 82 = f - 63. Let o = -2203 + 3853. What is the highest common factor of q and o?
10
Suppose 198*q - 201164 = -16826. Calculate the greatest common divisor of 1463 and q.
133
Suppose 263 = 4*p + 5*u, 3*p + 254*u = 253*u + 211. Calculate the highest common divisor of p and 12168.
72
Suppose 109*i + 36558 = 2*t + 111*i, -3*i = -3*t + 54783. What is the highest common factor of 87 and t?
87
Suppose 0 = 3*x - 0*x - 6. Suppose 17*a - 22*a - g + 12 = 0, -5*a + 14 = 2*g. Calculate the greatest common divisor of x and a.
2
Suppose -6*k + 5516 = -2*k. Suppose k = 61*m - 207. Calculate the highest common divisor of m and 598.
26
Suppose 13*f - 26071 = 86561. Calculate the greatest common factor of 24 and f.
24
Suppose 6*q = 2*q + 5*i + 2616, -5*q = 3*i - 3233. Suppose -4*y - 2*r = -58, 0 = 20*y - 21*y - 4*r + 39. Calculate the highest common divisor of q and y.
11
Suppose -204 = -141*l + 144*l. Let k = l + 94. Calculate the highest common factor of 39 and k.
13
Let z be (-5 - 1617*2)/((5 - 1) + -5). Calculate the highest common factor of 164 and z.
41
Suppose 0 = n - 2, -i + 2*n - 3*n = -30. Suppose -32*q = -34*q + 26. Let d be (-86)/(-5)*q - 118/(-295). Calculate the highest common factor of i and d.
28
Suppose -5*v - 2*o + 518 = 0, -13*v - 4*o + 118 = -12*v. What is the highest common divisor of 170 and v?
34
Let b be (-49)/(-2 - 5) + 1 + -3. Let q be ((-1)/b - (-27)/15)*35. What is the greatest common factor of 168 and q?
56
Let s(j) = j**3 + j**2 - 21*j + 2. Let h be s(6). Let z = -854 + 870. Calculate the greatest common factor of h and z.
16
Let a be -1*(2 + -3) - 113. Let b be (a/(-40) - 3) + (-38)/10. Let t be (1 + (15 - b))/1. What is the highest common factor of t and 4?
4
Suppose 3*g = 12, 1713 = d - 18*g + 14*g. Calculate the highest common divisor of d and 361.
19
Let t(z) = -4